
Suppose -t + 3*t - 3*a = 1073, 3*t + 4*a - 1635 = 0. Is t prime?
True
Let d = 21 - 15. Suppose -5*l + d*l = 7. Is l a prime number?
True
Let t(z) = 10*z + 20. Let q be t(-14). Let g = q + 202. Is g a composite number?
True
Suppose -2 = g - 3. Let f be -2 + (4 - (1 + g)). Is (f + 4)*(-37)/(-4) a composite number?
False
Is -2 + (-3)/(-9)*2073 a composite number?
True
Suppose 0 = -3*c - 4*j - 23, 5*j = -0*c + 2*c - 23. Let o(k) = -24*k - 1. Is o(c) composite?
False
Suppose -2*w = 3*z + z - 442, -z = -2*w - 108. Let b = -6 - -11. Suppose -3*t = -b*t + z. Is t prime?
False
Let i(u) = u**2 - 6*u + 4. Let o be i(3). Let t(p) be the second derivative of p**4/4 + p**3/3 - p. Is t(o) prime?
False
Let r(l) = -11*l**3 - 2*l**2 + 3*l + 2. Let t be r(-2). Suppose -3*i + t = -35. Is i prime?
True
Let m be (-4 + 1)/((-6)/(-4)). Let a be 3/2 + (-1)/m. Suppose 0 = -a*y + 16 + 4. Is y a prime number?
False
Suppose 3*b - 126 = 3*a + 102, -3*a = -5*b + 386. Let m = 0 + b. Is m a prime number?
True
Let o(z) = -23*z**3 - 5*z**2 - 3*z + 3. Let n(q) = -2*q**2 - 3*q**3 + 1 - 5*q + 4*q - 9*q**3. Let v(y) = -5*n(y) + 2*o(y). Is v(1) a composite number?
True
Suppose 2*k + 4*h = -16, -2*k + 2*h = 3 - 11. Let m be 33*((-10)/(-3) - k). Suppose 0 = 3*l + 2*l - m. Is l a prime number?
False
Let a(k) be the first derivative of 7*k**6/120 + k**4/24 - k**3/6 + k**2 + 2. Let p(x) be the second derivative of a(x). Is p(2) a composite number?
True
Suppose 2*f = 4*f - 3242. Is f a prime number?
True
Let w be (-1732)/(-18) - (-4)/(-18). Suppose 4*d - 95 = 3*m, 2*d + 2*d = 4*m + w. Is d a composite number?
False
Let o(f) = 6*f - 7. Let y = -11 - -16. Is o(y) composite?
False
Let g = 294 + -116. Is g a composite number?
True
Is 2*(-4)/(-8)*149 a prime number?
True
Let d = -6 - 6. Is d/42 + (-2286)/(-14) prime?
True
Let k = -13 + 21. Suppose k = -w + 61. Is w a prime number?
True
Suppose 505 = 5*l - 175. Let u = l + -15. Is u prime?
False
Suppose 3*p + 1109 = -2*m + 6804, -2*p - 3*m + 3805 = 0. Is p a prime number?
False
Let y(t) = -3*t**3 + 17*t**2 + 20*t + 21. Let h(v) = v**3 - 6*v**2 - 7*v - 7. Let j(s) = -7*h(s) - 2*y(s). Is j(8) composite?
False
Let r(y) = -4*y**2 + y + 2. Let o(l) = -20*l**2 + 6*l + 11. Let j(k) = 2*o(k) - 11*r(k). Is j(-3) prime?
False
Let h = 1195 + 540. Is h a composite number?
True
Let h = 160 - 73. Is h composite?
True
Suppose 4*d - 158 = 62. Suppose -122 = -3*l + d. Is l composite?
False
Let w(q) be the first derivative of -q**4/4 + 7*q**3/3 + 2*q**2 - 3*q - 3. Suppose -p = 2*p - 3*j - 18, -j + 15 = 2*p. Is w(p) a composite number?
True
Let g = 5 + -5. Suppose -p - p + 4 = g. Is (-31)/p*1*-2 prime?
True
Let b = -1 - 0. Let u be (b + 0/(-3))*-6. Let v(n) = n**3 - 6*n**2 - n + 8. Is v(u) prime?
True
Let a = -1008 - -2345. Is a composite?
True
Let v(a) = 13*a**2 - 16*a + 44. Is v(9) composite?
False
Let j(q) be the first derivative of 11*q**4/24 - q**3/2 + q**2/2 - 2. Let k(x) be the second derivative of j(x). Is k(2) a prime number?
True
Is 1*(-1 + -4 + 3 + 319) a prime number?
True
Is 9333/5 + 51/15 + -3 composite?
False
Is 3480/22 - 8/44 prime?
False
Let n = 22 - 15. Let g = -4 - n. Let a = -2 - g. Is a prime?
False
Let a(p) = p**3 + p**2 - p + 19. Let i be a(0). Let g = 204 - i. Is g a prime number?
False
Suppose 4*o = 1610 + 738. Is o a composite number?
False
Suppose -4*n = -13*n + 8163. Is n a prime number?
True
Let g(i) be the second derivative of -i**3/3 - 3*i**2 + i. Let u be g(-4). Is u/(-3) + 1673/21 a prime number?
True
Let q = 3973 - 2156. Is q composite?
True
Let t(m) = m**3 - 4*m**2 - 7*m - 8. Let p(l) = -l**3 - 3*l**2 + 4*l + 6. Let y be p(-4). Is t(y) a prime number?
False
Suppose -b - 12 = -5*b. Suppose 36 - b = m. Is m composite?
True
Let o = 2000 - 879. Suppose i = 3*a + 416, 5*a + o = -5*i + 3301. Is i a composite number?
False
Suppose 5*j - 100 = -0*j. Let r = j + 113. Is r composite?
True
Let i = 1838 + -1063. Is i/3 + (-18)/(-27) a composite number?
True
Let r = 3804 - 2221. Is r composite?
False
Let d = -1377 - -2738. Is d composite?
False
Let i = -134 + 208. Suppose 0 = 5*o + i - 199. Is o composite?
True
Suppose 5*n + 0*n = -5*s + 35, n + 13 = 4*s. Suppose s*o + 3*g = 2*g + 29, 36 = 5*o + g. Is o a composite number?
False
Suppose -11 = -4*j + 5. Let r be 2/j - 18/(-4). Suppose -4*t - 35 = -r*t. Is t prime?
False
Let i(a) = 3 + 3*a - 6*a - 13. Let c be i(-7). Suppose 6*j = c*j - 385. Is j prime?
False
Let l = 607 + -413. Is l composite?
True
Suppose -3*h = -3, -2*h = j + h - 193. Let n = 317 - j. Is n composite?
False
Suppose -5*y + 0*y - 9 = -2*l, -1 = -2*l - 3*y. Suppose 3*g - 1 = 14. Suppose g*a + 17 = -0*h - l*h, -4*h + 4*a = -36. Is h a prime number?
False
Suppose w - 159 = -2*w. Is w prime?
True
Suppose -2*h = -s - 779, h = -s + 174 + 214. Is h prime?
True
Let x be (6/(-9))/((-2)/9). Suppose 0*v - x*v = 0. Suppose v = 2*u - 4*u + 46. Is u a prime number?
True
Let m be (0 + 0)/(1 - 2). Suppose -2*i - 10 = 0, s + 4*i + m = -16. Suppose -t - 200 = -s*o, 2*o - 5*t = -0*t + 82. Is o prime?
False
Suppose 3*l - 4 - 5 = 0. Suppose 0 = 5*f - l*a - 926, 8*a + 733 = 4*f + 3*a. Is f a composite number?
True
Let w = 6 - 4. Let l be 4 + -4 + (-216)/w. Let m = -59 - l. Is m composite?
True
Let a = 86 - 56. Suppose -7 - a = -p. Is p a prime number?
True
Let u be (-1 + (-3)/6)*8. Let g be (-16)/u*3*1. Is (-1 - 2)*g/(-6) composite?
False
Let z(x) = 307*x - 1. Let b be z(-1). Let y = -15 - b. Is y a composite number?
False
Let r = 46 + -161. Let t be 12/(-10)*10/(-1). Let p = t - r. Is p a prime number?
True
Suppose 5*j + 1477 = 5102. Suppose 3*h = -2*h + j. Is h prime?
False
Let o = 40 - 91. Suppose 8*u + 0*u = 1040. Let z = u + o. Is z a composite number?
False
Let k be 2*((-21)/(-6) - 1). Suppose 2*v + 27 = k*v. Is v composite?
True
Is -4 + (-3 - -12) - -6666 prime?
False
Suppose -15 = -4*n - n. Suppose -2*a - 28 = -2*h + 34, h + 3*a - 35 = 0. Is n*(-1)/(-3) + h composite?
True
Suppose 77 = -0*o + o. Is o a composite number?
True
Let x be (9/4)/(6/16). Let j = 12 - x. Is j a prime number?
False
Let n(i) = i + 15. Let q be n(-18). Let r(z) = -8*z**3 + 3*z**2 - 4*z - 4. Is r(q) a composite number?
False
Let f = 236 - 576. Let p = 609 + f. Suppose -2*g - 29 = -5*k - p, -4*g = 3*k - 454. Is g a prime number?
False
Is ((-2274)/15)/(2/(-5)) prime?
True
Suppose j - 10 = -5*n + 6*j, 5*j + 30 = -5*n. Let o = 1 - n. Suppose -2 - 31 = -o*g. Is g a prime number?
True
Suppose 3*w - 389 = 220. Is w composite?
True
Suppose i - 513 = -a - a, 4*a = 4*i + 1056. Is a a prime number?
False
Let z be 2*(-3)/6 - -3. Suppose 74 = 2*b + z*q, -4*b - 5*q + 4*q = -151. Is b a composite number?
True
Let s(k) = -k**3 - 15*k**2 - 12*k + 7. Is s(-15) prime?
False
Let b be -2 - 278 - 3/3. Let p = 420 + b. Is p a prime number?
True
Suppose 6*i = 3*i - 2*w + 4, i - 3*w + 6 = 0. Suppose i*f - 5*f = -90. Is 454/f - 6/27 prime?
False
Let c(i) = -i**3 - 3*i**2 - 2*i. Let k be c(-2). Suppose 5*s + p - 17 = 2*p, k = -5*s - 5*p + 35. Is ((-57)/6)/((-2)/s) prime?
True
Let k(q) be the third derivative of 23*q**4/24 - q**3/6 + q**2. Let p = 6 + -5. Is k(p) a composite number?
True
Let j be -198 + (-5)/((-10)/4). Let l = 341 + j. Let h = -86 + l. Is h prime?
True
Let h(l) be the first derivative of -l**4/4 + 3*l**3 - 4*l**2 + 8*l + 3. Let r be h(6). Let c = r + -31. Is c a prime number?
True
Suppose 0 = 5*d + 20 - 50. Suppose 2*a - 4*a = d. Is 11 + a/((-9)/6) prime?
True
Let v be (-1 - 1)/1 + 6. Suppose 2*f = -5*l - f - 392, 5*l + v*f + 396 = 0. Is (1/2)/((-2)/l) a prime number?
True
Let z be 1/(1*3/33). Suppose 2*y + 5*s = -0*s + 35, 3*y - 2*s = 5. Suppose -z = -y*u + 9. Is u prime?
False
Let n = -4 + -2. Is (n/(-4))/(6/332) a composite number?
False
Let r = -41 - -460. Is r a composite number?
False
Suppose 3*h - 16 = 5*y - 42, 4*y + 3*h - 10 = 0. Is (-5490)/(-42) + y/14 a prime number?
True
Let k(t) = 4*t**3 - 4*t**2 - 4*t + 3. Let m be k(4). Suppose -2*q + 5*p = -243, 4*q - 605 = -2*p - m. Is q prime?
True
Is 79 + 1 - (-3)/1 a composite number?
False
Let z(t) = t + 2. Let j be z(6). Let q = j - 6. Is (q*-1)/(8/(-268)) a prime number?
True
Let k(d) = -d**3 + 3*d - 4. Let s be k(-3). Let y = -14 - -19. Let l = y + s. Is l composite?
False
Let n = -3 - -1. Let b(f) be the second deri